rt 102133 (base 4) to base 2.
10010011111
What is 313a (base 12) in base 8?
12376
-55320 (base 6) to base 7
-31251
72d (base 14) to base 12
999
What is -1501 (base 10) in base 15?
-6a1
Convert -11101111001110 (base 2) to base 11.
-10559
Convert 453 (base 9) to base 7.
1041
Convert 56 (base 12) to base 9.
73
-573 (base 9) to base 5
-3341
1012111 (base 3) to base 16
36d
Convert -106 (base 11) to base 10.
-127
Convert 5086 (base 15) to base 12.
9a09
What is -18372 (base 9) in base 7?
-52013
What is 610b (base 13) in base 15?
3e5c
1032443 (base 5) to base 6
214425
53768 (base 10) to base 12
27148
What is -253 (base 10) in base 14?
-141
Convert -120221 (base 3) to base 10.
-430
-12110110 (base 3) to base 7
-14415
-ba5 (base 12) to base 7
-4661
11260 (base 10) to base 6
124044
5c (base 15) to base 13
69
What is -5525 (base 7) in base 8?
-3673
-6a2 (base 12) to base 4
-33122
What is 155 (base 16) in base 12?
245
What is 4577 (base 11) in base 5?
143023
-76023 (base 9) to base 14
-144a6
Convert 2180a (base 11) to base 5.
2002331
-111010111001011 (base 2) to base 8
-72713
Convert -1a09 (base 11) to base 3.
-10111110
What is 3132313 (base 4) in base 10?
14263
Convert 244414 (base 5) to base 2.
10010010001111
Convert 101011110 (base 2) to base 16.
15e
Convert 23430 (base 6) to base 4.
311022
Convert 216244 (base 7) to base 8.
112473
Convert -101100101 (base 2) to base 4.
-11211
Convert 1423 (base 5) to base 12.
17a
What is 683 (base 9) in base 3?
202210
Convert 107 (base 14) to base 10.
203
What is 123300 (base 5) in base 13?
2272
2204 (base 6) to base 3
200211
What is d54b (base 14) in base 7?
212024
-10110011111 (base 2) to base 15
-65e
What is -78d4 (base 14) in base 9?
-31671
372 (base 15) to base 14
3dc
1581 (base 16) to base 7
22023
Convert -4020 (base 12) to base 10.
-6936
Convert -10000011001111001 (base 2) to base 4.
-100121321
Convert -11100001101 (base 2) to base 13.
-a8b
-11123102 (base 4) to base 5
-1202401
Convert -100210 (base 4) to base 8.
-2044
-4cb (base 13) to base 10
-843
-214333 (base 6) to base 3
-220110210
What is -10011101110 (base 2) in base 13?
-761
Convert 31 (base 15) to base 12.
3a
Convert 111233 (base 4) to base 10.
1391
What is 411312 (base 6) in base 8?
77734
Convert -16c2 (base 14) to base 4.
-333322
Convert 211332 (base 4) to base 3.
10100000
What is 2525 (base 7) in base 4?
32312
Convert 11919 (base 15) to base 3.
2211212220
Convert 78 (base 9) to base 7.
131
112202031 (base 4) to base 6
1551153
57 (base 13) to base 10
72
What is -1110111100111 (base 2) in base 3?
-101111112
-112010 (base 3) to base 10
-381
-1976 (base 12) to base 15
-dc9
Convert 1030130 (base 4) to base 16.
131c
Convert -111100010 (base 2) to base 15.
-222
Convert 61 (base 8) to base 11.
45
-1021102100 (base 3) to base 6
-312100
Convert -101010000 (base 2) to base 14.
-1a0
Convert 110231 (base 4) to base 6.
10045
Convert 444145 (base 6) to base 5.
2142332
Convert 2110221220 (base 3) to base 15.
e6e3
631 (base 12) to base 13
544
What is 1422 (base 9) in base 4?
100301
3162 (base 9) to base 14
bc0
What is -22220 (base 6) in base 8?
-6044
Convert -4e8 (base 15) to base 16.
-45e
What is -2223232 (base 4) in base 2?
-10101011101110
Convert -123321 (base 5) to base 10.
-4836
536 (base 8) to base 13
20c
Convert 10000010111110 (base 2) to base 9.
12443
Convert -1038 (base 13) to base 12.
-1370
Convert -1211 (base 16) to base 8.
-11021
Convert 15874 (base 15) to base 8.
207441
What is 1dc (base 14) in base 12?
286
33538 (base 10) to base 6
415134
63 (base 7) to base 6
113
Convert -6b97 (base 12) to base 14.
-457d
4cb (base 14) to base 2
1111000011
What is 12326 (base 9) in base 12?
4966
11242 (base 5) to base 3
1010110
-17550 (base 9) to base 2
-10111101010010
What is 46091 (base 11) in base 3?
10101102112
-2144 (base 5) to base 6
-1215
Convert 24b (base 13) to base 5.
3101
-11b0 (base 14) to base 2
-110000010110
Convert -d17 (base 16) to base 14.
-1315
10301202 (base 4) to base 14
71aa
What is 114 (base 9) in base 14?
6a
Convert -33245 (base 6) to base 5.
-122022
What is 150232 (base 6) in base 2?
11100000001100
Convert 21012 (base 3) to base 11.
167
Convert 2321200 (base 4) to base 5.
334442
What is 74733 (base 9) in base 5?
3040230
-1100101101101100 (base 2) to base 5
-3131301
-2ab1 (base 15) to base 12
-537a
Convert 12101200 (base 3) to base 16.
f5d
Convert -1231113 (base 4) to base 14.
-279d
Convert -11000111 (base 2) to base 13.
-124
Convert -4030141 (base 5) to base 7.
-355550
Convert 5163 (base 9) to base 8.
7307
b975 (base 16) to base 10
47477
230131 (base 4) to base 16
b1d
105 (base 15) to base 10
230
Convert -1100110111100 (base 2) to base 13.
-2cca
Convert 6b5 (base 14) to base 6.
10103
What is 13458 (base 13) in base 5?
2122101
-202 (base 4) to base 9
-37
-9aa5 (base 13) to base 2
-101010001011110
-dc98 (base 16) to base 3
-2212110120
Convert -6ee9 (base 16) to base 11.
-1a372
What is -164 (base 16) in base 12?
-258
Convert -334132 (base 5) to base 12.
-69a8
Convert 37a5 (base 11) to base 6.
34535
1101401 (base 5) to base 13
8839
21678 (base 14) to base 3
11002220202
-10 (base 4) to base 16
-4
-12020 (base 3) to base 4
-2031
-20441 (base 10) to base 15
-60cb
What is -179 (base 13) in base 5?
-2034
Convert -1699a (base 11) to base 14.
-897b
2dbd (base 16) to base 15
3709
What is 116623 (base 7) in base 14?
7c13
-231 (base 8) to base 16
-99
2121 (base 6) to base 15
221
79 (base 12) to base 2
1011101
Convert 77713 (base 8) to base 9.
48780
What is -824 (base 12) in base 16?
-49c
What is 110110000 (base 2) in base 10?
432
-590b (base 15) to base 6
-223315
Convert -1cb (base 13) to base 14.
-1a0
Convert -186 (base 12) to base 5.
-1441
What is -7264 (base 9) in base 15?
-189d
-321 (base 6) to base 14
-89
What is 11750 (base 8) in base 10?
5096
-45140 (base 8) to base 16
-4a60
What is 59c (base 15) in base 5?
20042
4222 (base 5) to base 2
1000110010
What is -8c5e (base 16) in base 3?
-1211021220
Convert 1244 (base 6) to base 11.
268
Convert 839 (base 13) to base 11.
1063
What is 28007 (base 10) in base 5?
1344012
-18050 (base 12) to base 2
-1000011100111100
-52144 (base 9) to base 3
-1202011111
100000100001 (base 2) to base 9
2762
-65aa (base 13) to base 2
-11011101010111
63 (base 9) to base 4
321
5422 (base 6) to base 10
1238
-8b38 (base 13) to base 9
-28646
What is -2501 (base 11) in base 10?
-3268
What is -32658 (base 10) in base 13?
-11b32
What is -2232043 (base 5) in base 8?
-115340
Convert -14955 (base 11) to base 14.
-79a2
Convert a43b (base 13) to base 6.
253024
-1cbd (base 16) to base 7
-30310
1000000101 (base 2) to base 11
430
272 (base 16) to base 9
765
What is 4212 (base 5) in base 2?
1000101101
What is 253637 (base 8) in base 15?
1b0e7
What is 226 (base 15) in base 2?
111100110
-1032 (base 7) to base 11
-303
Convert 8758 (base 10) to base 9.
13011
72a8 (base 14) to base 8
46444
Convert 30 (base 5) to base 6.
23
What is -20225 (base 9) in base 3?
-200020212
-1000101010100010 (base 2) to base 4
-20222202
Convert 634 (base 7) to base 10.
319
Convert -44dc (base 14) to base 6.
-131202
Convert -1325 (base 9) to base 3.
-1100212
What is 282 (base 16) in base 2?
1010000010
101100100101 (base 2) to base 16
b25
What is -12333 (base 7) in base 13?
-1638
12064 (base 7) to base 2
110000111101
Convert -4847 (base 14) to base 8.
-30477
Convert -231400 (base 7) to base 6.
-515244
Convert 3703 (base 10) to base 15.
116d
Convert -11711 (base 16) to base 15.
-1627b
-21223 (base 4) to base 13
-388
Convert 235 (base 12) to base 13.
1c4
Convert -124 (base 9) to base 13.
-7c
-10001110101 (base 2) to base 13
-69a
-353 (base 15) to base 14
-3bb
Convert -30812 (base 9) to base 4.
-10331312
9892 (base 12) to base 10
16814
What is 1984 (base 12) in base 13?
1564
112101002 (base 3) to base 5
313403
What is 12241 (base 5) in base 6?
4214
Convert 12300 (base 5) to base 13.
581
-75d (base 16) to base 9
-2524
What is 4014 (base 9) in base 16?
b71
What is 104351 (base 7) in base 10?
18362
Convert -267 (base 11) to base 15.
-160
What is -186 (base 11) in base 3?
-21222
-bb (base 16) to base 13
-115
What is -143272 (base 8) in base 16?
-c6ba
31660 (base 11) to base 2
1011001111011110
What is 131301 (base 4) in base 10?
1905
What is -101202 (base 3) in base 12?
-202
Conver